). Let t(h) = h**2 + 2*h. Give t(c).
8
Let w(g) = 3*g + 0*g + 4*g - g**2 + 1 - 6*g. Calculate w(-2).
-5
Let a(y) = -4*y. Let v = -8 - -6. Give a(v).
8
Let h = -1 + 1. Let s(m) = m**3 - m**2 + m + 5. Let j be s(h). Let b(y) = -j*y + y**3 + 4*y + 5*y**2 + 4 + y. What is b(-5)?
4
Suppose 12*w - 14*w + 14 = 0. Let j(n) = -n**2 + 8*n - 2. Determine j(w).
5
Let h(d) be the second derivative of d**5/24 + d**3/2 - d. Let o(c) be the second derivative of h(c). What is o(1)?
5
Let i(c) = -c**2 - 7*c - 1. Let g = -117 - -112. Determine i(g).
9
Let k(d) be the third derivative of d**6/20 - d**5/60 + d**4/24 - d**2. Let w be (-9)/(-2) - 3/6. Let j = -3 + w. What is k(j)?
6
Let n(h) = h**3 + 3*h**2 - 3*h - 3. Let g be 3 + (9 - 0 - 3). Let l be -11 - 1*(1 - -1). Let u = g + l. Determine n(u).
-7
Let i(l) = -l**2 - 4*l + 4. Suppose q + 12 - 6 = 0. Give i(q).
-8
Suppose -2*d = -4*a + 3*d + 85, -a + 2*d = -19. Let c(h) = -4 - 24*h + 4 + a*h. Calculate c(-4).
-4
Let g(f) = -5 - f**2 + 5 - 4*f - 1 + f. Calculate g(-3).
-1
Suppose w - 3*v = 3, -3*v + 0*v = 5*w - 15. Suppose -29 = -4*h + w*n, -h - n - 8 = -2*h. Let k(b) = 2*b - 2. Calculate k(h).
8
Let v(x) be the third derivative of -x**4/12 - x**3/3 - 18*x**2. Determine v(3).
-8
Let n(f) = 5 - 4 - 2. Let k(l) = -l - 1. Let u(i) = -2*k(i) + n(i). Give u(1).
3
Let z(p) = 4 - 6*p - 10 + 5. Calculate z(1).
-7
Let v = -15 - -17. Let t(h) = -h**3 + 7*h**2 + 7*h - 7. Let c(y) = -2*y**3 + 15*y**2 + 14*y - 13. Let z(s) = v*c(s) - 5*t(s). Give z(6).
3
Let y(w) be the first derivative of w**2 - 6*w - 8. Let q be (-1)/(-2)*1*10. What is y(q)?
4
Let h(n) = n + 9. Suppose 3*l + 9 = -5*i - 2, -4*i + 2*l = 22. Calculate h(i).
5
Suppose -5*j + 9 = -4*p - 6, 5*j - 2*p - 5 = 0. Let v(x) = 6*x. Calculate v(j).
-6
Let q(v) = v**3 - 6*v**2 + 4*v + 6. Let j be q(5). Let r(f) = 3*f**2 + 0*f**2 + 2*f**2 + j + 0. What is r(1)?
6
Let n be (5 + -5)*1/(-2). Suppose t + 4*p + 13 = 0, -p = -t - 3*t + 16. Let o(w) = 2*w - t*w + 0*w. Determine o(n).
0
Let h(b) = 2*b**2 - 4*b**2 + 4*b + 2 + 5*b**2. Let n be (0/(-1))/(4 + -7). Suppose -8 = 4*r - n*r. Give h(r).
6
Let v(s) be the second derivative of s**5/20 - s**4/3 - 2*s**3/3 - 3*s**2/2 + 23*s. Let n = 10 + 6. Suppose 4*g = -4*u + n, g - 30 = -5*u - 6. Give v(u).
2
Suppose -26 = -4*o - 134. Let r = o - -39. Suppose -r = 3*w - c, 0*w - 5*w = -4*c + 27. Let i(a) = -a**2 - 4*a - 1. What is i(w)?
2
Let x = 10 + -6. Let n be -1 - x - 0 - 1. Let f(g) = g**3 + 7*g**2 + 5*g - 8. Determine f(n).
-2
Let t = 56 + -53. Let d(f) be the second derivative of -f**3/3 + f**2 + 3*f. Calculate d(t).
-4
Let a(w) be the second derivative of w**4/12 + 4*w**3/3 + 9*w**2/2 - 7*w. Determine a(-6).
-3
Let a(n) = 5*n - 4. Let w = -33 + 36. What is a(w)?
11
Let v(r) be the first derivative of 0*r + 0*r**2 + 1 + 2/3*r**3 + 1/20*r**5 - 1/24*r**4. Let j(o) be the third derivative of v(o). Calculate j(1).
5
Let z(c) = c**3 - 16*c**2 + 16*c - 15. Let d be z(15). Let l(w) = -w**3 - 2*w**3 + 2*w**3. Calculate l(d).
0
Let p(h) be the second derivative of 1/20*h**5 + 5*h + 1/2*h**2 + 0 - 1/3*h**3 - 1/12*h**4. What is p(3)?
13
Let q(s) be the first derivative of -s**5/40 + s**4/12 + 2*s**3 - 2. Let y(r) be the third derivative of q(r). Calculate y(2).
-4
Let o be (-8)/14*(-11 + 4). Suppose 5*d - 3*y = -y + 19, -5*y + 35 = o*d. Let q(f) = -f. Let j(h) = -h + 5. Let t(s) = -j(s) - 2*q(s). Calculate t(d).
10
Let i(j) = j - 3*j - 2 + j - 2*j**2. Let c(n) = 4 + n - 4 + 1 - 3. Let m be c(0). What is i(m)?
-8
Let f(x) = 3*x**2 + 9*x + 17. Let k(w) = -w**2 - 3*w - 6. Let z(j) = 4*f(j) + 11*k(j). Let n(c) = c**3 - 2*c**2 + 1. Let s be n(-1). Determine z(s).
0
Let s be ((-1)/2)/(1/2). Let d(t) be the third derivative of 1/6*t**3 + 0*t + 1/24*t**4 + 5*t**2 - 1/40*t**6 + 0 + 1/60*t**5. Calculate d(s).
4
Let h = 13 + -19. Let b(x) be the first derivative of x**4/4 + 7*x**3/3 + 5*x**2/2 - x + 1. Calculate b(h).
5
Let r(i) be the third derivative of -i**5/60 + i**4/3 + 3*i**3/2 + 2*i**2 - 8*i. What is r(7)?
16
Let i be ((-2)/(-6))/(2/30). Suppose 4*l - i*h - 8 = 7*l, 0 = 5*l - 5*h. Let c(n) = -n**3 - 3*n - 3. Let k(f) = f + 1. Let m(r) = 5*c(r) + 15*k(r). Give m(l).
5
Let b be (-18)/24 + (-2)/8. Let c(o) be the first derivative of o**4/4 + o**3/3 + o**2/2 + o - 1. Calculate c(b).
0
Let n(g) = 3*g + 2*g + 4 + 10 - 2*g. Determine n(-10).
-16
Let s(d) = 4*d - d + 0*d**3 + d**3 - 2*d**2. Calculate s(2).
6
Let u be (1/(-1))/((-2)/4). Let h(a) = a. Let m(i) = 8. Let k(q) = u*h(q) + m(q). Determine k(-6).
-4
Suppose -s - 20 = 3*s. Let v(p) = -39*p + 7 + 18*p + 28*p + p**2. Give v(s).
-3
Suppose -4*h = -0*h. Suppose h = -2*x + 6 - 2. Let m(n) = 2*n - x*n - 3 - n. Give m(-4).
1
Let v be (4*-1)/((-36)/27). Let i(a) = 8 - 11 + 0*a**2 + v*a**2 + 2*a + 2. What is i(1)?
4
Suppose -2*c + 2 = 4. Let v(f) = 6*f + 1. Let x(g) = -g**2 + g. Let w(p) = p - 7. Let j be w(6). Let n(b) = j*v(b) + 4*x(b). Calculate n(c).
-3
Let v = 27 + -27. Let b(l) = l + 6 + v*l - 3*l. Suppose -5*c + n = -26, 3*n = -4*c + 4*n + 21. What is b(c)?
-4
Suppose 36 = -3*i - 6. Let z = 9 + i. Let b(d) be the first derivative of -d**3/3 - d**2 + 7*d - 1. Calculate b(z).
-8
Let l = -4 + 8. Let r(z) = z**2 - 4*z. What is r(l)?
0
Let n be -2 - -1 - (-7 + 4). Let i(v) = 0*v**n + 1 + 2 - 6*v**2 - v**3 - 8*v + 2*v**3. Determine i(7).
-4
Let p be 3/(0 - -1) + -3. Let v(t) = t - 10. Give v(p).
-10
Let f(g) = -4*g + 3. Let l(c) = -c**2 + 6*c - 6. Let q be l(4). Let u = q - 0. Determine f(u).
-5
Let k(x) = 4*x**2 + 2 - x**3 - 3*x**3 + 5*x**3. Let v(h) = -h**3 + 5*h**2 + 7*h - 4. Let l be v(6). Let y be (-8)/(0 + l) + 0. Calculate k(y).
2
Suppose 0 = 2*y + y - 12. Suppose -4*c + 82 = 4*n - 2*n, n - 53 = y*c. Let p be 235/n - 2/9. Let j(t) = -2*t + 3. What is j(p)?
-7
Suppose 0 = -v + 3*v. Let k(c) = -c + v*c**3 + 5*c**2 - c**3 - c + 3. What is k(5)?
-7
Let g(q) = 3*q + 1. Let l = -11 + 18. Let z(w) = 6*w + 3. Let x(u) = l*g(u) - 4*z(u). Give x(-5).
10
Let j(o) be the second derivative of -o**5/10 - o**4/6 + o. Suppose 3*n - 5*l = 27, 0 = 3*n + 2*n - 3*l - 29. Let y be n/1*(-2)/4. Give j(y).
8
Let k be 1 + -1 + (0 - 0). Suppose -3*c - u + 6 = -4, k = 2*c + u - 6. Let v(s) = -4*s**2 + 2 + 5*s**2 - 4*s - s. What is v(c)?
-2
Let b(l) = -9*l**3 + 7*l + 1. Let y(n) = -4*n**3 + 3*n + 1. Let i(r) = 3*b(r) - 7*y(r). Determine i(0).
-4
Let m = 76 + -81. Let v = -2 - -5. Let r(g) = v*g - 2*g + g. Determine r(m).
-10
Suppose -10 + 2 = -2*r. Let w(x) be the third derivative of -1/20*x**5 - 1/3*x**3 + 1/120*x**6 + 2*x**2 + 0*x + 0 - 1/8*x**4. Determine w(r).
2
Let n(t) = -12*t + 3. Let i(s) = -24*s + 7. Let l(q) = -q**2 + 7*q - 15. Let d be l(6). Let a(f) = d*n(f) + 4*i(f). Calculate a(1).
13
Let j(d) be the first derivative of d**2/2 + 3*d + 10. Determine j(-4).
-1
Suppose -2*o + 7*o - 2*s = 50, 31 = 2*o - 3*s. Let a(f) = f + 1. Give a(o).
9
Let f(n) = -n**3 - n**2 + 1. Suppose -5*j - 4 = 6. Let u = -6 + 9. Let a = j + u. What is f(a)?
-1
Let t(q) = q**2 - 7*q - 6. Let n = 179 - 172. What is t(n)?
-6
Suppose 2*w + 2*t = 16, 3 + 1 = -3*w + 4*t. Let o = w - -6. Let x = -14 + o. Let a(u) = u - 2. Determine a(x).
-6
Let l(t) = -5*t + 3. Let o(x) = 3*x - 2. Let m(q) = -4*l(q) - 7*o(q). Let v(g) = 4*g. Let b be v(1). Suppose b*s + 5 + 7 = 0. What is m(s)?
5
Suppose 2*p - 4*p - 2 = 0. Let h(r) be the first derivative of 15*r**4/4 + r**3/3 - r**2/2 - r + 4. Give h(p).
-14
Let j(a) be the first derivative of -a**3/3 - a**2/2 - 5*a + 14. Calculate j(0).
-5
Let f(j) = -2*j - 4. Let q be (-94)/8 - (-7)/(-28). Let m be 13/(-4) - 3/q. Let y be f(m). Let r(b) = -b**3 + b**2 + 2. Calculate r(y).
-2
Let p(o) = -2 - 6*o**2 + 5*o**2 - 3*o + 2*o**2. Let n(h) = -1 + h**2 + 0*h + 4*h + 0*h. Let y be n(-5). Determine p(y).
2
Let u = -122 + 122. Suppose 5*b = -4*s, 2*b - 4*s = 4*b + 12. Let a(d) = -b - d - 4 + 1 - d**2. What is a(u)?
-7
Suppose 3 = -p + q, -4*p - q - 23 + 6 = 0. Let i be (p/(-5))/((-2)/(-5)). Let t(o) = 2*o - 3. Give t(i).
1
Suppose -5 - 13 = 3*s. Let p(b) = 5 + b + 1 + 3. What is p(s)?
3
Let q be (-2)/(-2)*(1 - -4). Suppose -4*o - 2*v - 14 = 0, q*v = -2*o - 0*o - 3. Let b(a) = -a - 4. What is b(o)?
0
Let k(j) = j**2 + 16*j + 9. Let x be k(-15). Let z(b) = b**2 + 10*b + 8. What is z(x)?
-16
Let t(n) = -n**3 - n**2 - 2*n 